+ 9c?
a47a4
In base 9, what is -424550 + -442?
-425102
In base 8, what is -61404 + 505?
-60677
In base 13, what is 1102b4 + -4?
1102b0
In base 11, what is 991 - -1634?
2515
In base 4, what is 23 + 1101301020?
1101301103
In base 14, what is 0 - -8b26b52?
8b26b52
In base 13, what is 60c0 + -846?
5577
In base 3, what is -2020220200010 - -1020?
-2020220121220
In base 7, what is -214021335 - -5?
-214021330
In base 7, what is 41220 + 1355?
42605
In base 2, what is -10000 + 100111101000101010110?
100111101000101000110
In base 9, what is 66733475 + 1?
66733476
In base 16, what is -55 - 13fdf01?
-13fdf56
In base 4, what is -11 - 23010023021031?
-23010023021102
In base 8, what is 0 - -25410464?
25410464
In base 16, what is -c3bd - -19b6?
-aa07
In base 8, what is 133342 + -436?
132704
In base 11, what is -734945a1 + -4?
-734945a5
In base 9, what is 115 - -417531?
417646
In base 16, what is 18598 - 83?
18515
In base 14, what is -849c9 - -64?
-84965
In base 16, what is -ae197 - -49?
-ae14e
In base 9, what is -3442 + -8266?
-12718
In base 4, what is -1121302221 - -113332?
-1121122223
In base 4, what is 211022 - 2211133?
-2000111
In base 16, what is -23bd874 + 5?
-23bd86f
In base 16, what is 5f2404f - -3?
5f24052
In base 6, what is -2214331501 - 3?
-2214331504
In base 16, what is 9 - 25d36e?
-25d365
In base 4, what is -2122130001 - -10?
-2122123331
In base 10, what is 3 + 7273926?
7273929
In base 12, what is 533921548 - -1?
533921549
In base 4, what is 10 + -2020010313033?
-2020010313023
In base 7, what is 104065122 + 3?
104065125
In base 14, what is -4 - -25b2485?
25b2481
In base 2, what is -11110000101101100100111 + -1?
-11110000101101100101000
In base 6, what is -21 - -1204140225?
1204140204
In base 4, what is -330032002 + -3111?
-330101113
In base 2, what is 10011001 - -10111101010101111?
10111101101001000
In base 10, what is -1428598 + 1?
-1428597
In base 5, what is -4 - -1012244401?
1012244342
In base 14, what is -319 + ab53?
a838
In base 7, what is 0 + 5064662?
5064662
In base 11, what is 14 + -1326a9a?
-1326a86
In base 12, what is b7446 - 185?
b7281
In base 6, what is 305355 + -45323?
220032
In base 9, what is -6 + -4144057?
-4144064
In base 11, what is 61a878 + -485?
61a3a3
In base 14, what is -2 + 2cad63d?
2cad63b
In base 7, what is 6564241 + 100?
6564341
In base 12, what is b0 + -12843?
-12753
In base 13, what is -1 + -840176?
-840177
In base 10, what is -45 - 114729?
-114774
In base 2, what is 101110011000001100111 - -111001?
101110011000010100000
In base 14, what is 67 + 442ac?
44335
In base 7, what is -46 - 2102245?
-2102324
In base 11, what is 170a27 - 504?
170523
In base 3, what is 111021 - 11220200111?
-11220012020
In base 5, what is -14102 - -1430324?
1411222
In base 14, what is 4 + -cca8a37?
-cca8a33
In base 3, what is -1 - -11211020111120?
11211020111112
In base 14, what is -308814 + -2?
-308816
In base 12, what is 2b40432 - 0?
2b40432
In base 10, what is -4 + -120256208?
-120256212
In base 14, what is -bb2d - c6?
-bc15
In base 8, what is 1370 - 10216?
-6626
In base 3, what is -11 - 2120202121100?
-2120202121111
In base 6, what is -14130100 + -5255?
-14135355
In base 10, what is -4 - -40198269?
40198265
In base 13, what is 2b186 + 4c0?
2b676
In base 7, what is -44133 + -103036?
-150202
In base 15, what is 5 + -1126e4?
-1126de
In base 10, what is -137 + -129093?
-129230
In base 11, what is 5 - -4908a60a?
4908a614
In base 10, what is -116464 + -17?
-116481
In base 13, what is 14772c14 - -3?
14772c17
In base 11, what is -322 - -555a4?
55282
In base 6, what is -3104 + 115344?
112240
In base 2, what is 11001 + 11010111101000010000?
11010111101000101001
In base 10, what is 2416 + -76437?
-74021
In base 13, what is -a + -27cc3c?
-27cc49
In base 2, what is 1001100111100010 + 10101001100?
1001111100101110
In base 13, what is 23ab0c + 3?
23ab12
In base 5, what is -244213103211 + 4?
-244213103202
In base 8, what is -36365 + 741?
-35424
In base 3, what is -2110 - -10220012101?
10220002221
In base 14, what is 28d9 - -a70?
3569
In base 15, what is -7503b8 - -1?
-7503b7
In base 8, what is 22 - 341533?
-341511
In base 15, what is -4 + -1643e?
-16443
In base 13, what is 1462 + a91a?
c07c
In base 8, what is 730564102 + 10?
730564112
In base 12, what is 1534b + 10718?
25a67
In base 4, what is 312 + -113112032?
-113111120
In base 2, what is 10001111111101010110001 + -111?
10001111111101010101010
In base 3, what is 2112110021 - 1000101?
2111102220
In base 12, what is 1 - -7376b0?
7376b1
In base 16, what is -5 - -1272e75?
1272e70
In base 15, what is eca72 - 73?
ec9ee
In base 8, what is 12536 - -123766?
136524
In base 5, what is 12102 - 43102203?
-43040101
In base 13, what is 1374 + 45?
13b9
In base 8, what is -4541144 + 0?
-4541144
In base 5, what is -1341 + -1030310011?
-1030311402
In base 8, what is -23 - -75510765?
75510742
In base 9, what is 2 + 213648362?
213648364
In base 6, what is -5 + 154011012?
154011003
In base 8, what is 25 - 6031030?
-6031003
In base 8, what is -57477177 + 1?
-57477176
In base 6, what is -24115404 - -210?
-24115154
In base 11, what is -7268458 - 2?
-726845a
In base 7, what is -233100 - -5006?
-225061
In base 13, what is 3 - -a94cb2c?
a94cb32
In base 13, what is 701 - -2339?
2a3a
In base 15, what is 39 + -13ea48?
-13ea0e
In base 5, what is 3400304 + -22130?
3323124
In base 15, what is -3736898 + 2?
-3736896
In base 14, what is -3bb46 - -8?
-3bb3c
In base 15, what is -16405 + 1a?
-163da
In base 4, what is -322030311211020 - 11?
-322030311211031
In base 16, what is -45 + -87f8?
-883d
In base 9, what is -3 - 54523844?
-54523847
In base 13, what is 457 - 31c9?
-2a72
In base 4, what is -2323 + -2300333123?
-2301002112
In base 16, what is -76aeb + 31?
-76aba
In base 11, what is -701871 - -2?
-70186a
In base 11, what is 257 + -133080?
-132924
In base 2, what is -11011010011001 - -10100010110011100?
10000111100000011
In base 4, what is -10032123121 - -3?
-10032123112
In base 9, what is 2467 - -536?
3114
In base 16, what is 47e6b4 - -5?
47e6b9
In base 14, what is -2d - -1109ad?
110980
In base 12, what is 57 - -92426?
92481
In base 2, what is -11000101101100001001 + -1110?
-11000101101100010111
In base 3, what is 11110 + -1002022022221?
-1002022011111
In base 3, what is 20121220 + 20000101?
110122021
In base 12, what is -b102385 + 4?
-b102381
In base 14, what is 249b92 - -6?
249b98
In base 5, what is -1042 + 341421?
340324
In base 8, what is -2 + -7144414?
-7144416
In base 13, what is 4790a + 1a6?
47ab3
In base 9, what is -2041 + -10551?
-12602
In base 6, what is -413 + -10103122?
-10103535
In base 5, what is -133202 + 323342?
140140
In base 14, what is 94d4b + -94?
94c97
In base 4, what is -10232 - -20212?
3320
In base 12, what is b6 - -5a76b?
5a865
In base 14, what is -b61 + 360?
-801
In base 13, what is -709 - -a88c?
a183
In base 10, what is -98935690 + 7?
-98935683
In base 15, what is -50c0 - 18?
-50d8
In base 15, what is 0 - 63a976?
-63a976
In base 6, what is 31105533 + 414?
31110351
In base 6, what is 5320 + -312151?
-302431
In base 10, what is 78192 - 5469?
72723
In base 5, what is -220302 + 14331?
-200421
In base 2, what is 101110101000010111 + -11110010?
101110100100100101
In base 6, what is 21333 + 311532?
333305
In base 6, what is 4334 - -11013503?
11022241
In base 2, what is 10011010101 + -11111110000?
-1100011011
In base 5, what is 1 + 134322413042?
134322413043
In base 9, what is -28 - -2375506?
2375467
In base 15, what is -14e82e18 + -3?
-14e82e1b
In base 13, what is 10 + 19939b?
1993ab
In base 5, what is 1414 - -2103221?
2110140
In base 12, what is -2752a + 62?
-27488
In base 2, what is -101111111 + -100010010101111111110?
-100010010110101111101
In base 11, what is 17 - -1445000?
1445017
In base 7, what is -425051 + -224?
-425305
In base 4, what is 102311 + 31330?
200301
In base 16, what is 3815 - 271?
35a4
In base 16, what is -92 + 2c16a1?
2c160f
In base 7, what is 3 - 206610654?
-206610651
In base 14, what is bb378 + 16d?
bb507
In base 5, what is 1100110342240 + -4?
1100110342231
In base 9, what is -8475467 - 62?
-8475540
In base 5, what is -234342432 - 24?
-234343011
In base 8, what is 401 - -2027?
2430
In base 12, what is -252 - 9115b?
-913b1
In base 3, what is -122011120 + -1221101?
-201002221
In base 13, what is 34